{"id":358,"date":"2026-03-21T13:47:25","date_gmt":"2026-03-21T13:47:25","guid":{"rendered":"https:\/\/observatorioastronomicomargamarga.cl\/?page_id=358"},"modified":"2026-03-21T13:47:52","modified_gmt":"2026-03-21T13:47:52","slug":"nanquiysusamigos","status":"publish","type":"page","link":"https:\/\/observatorioastronomicomargamarga.cl\/index.php\/nanquiysusamigos\/","title":{"rendered":""},"content":{"rendered":"<div class=\"vce-row-container\" data-vce-boxed-width=\"true\"><div class=\"vce-row vce-row--col-gap-30 vce-row-equal-height vce-row-content--top\" id=\"el-0cc6c937\" data-vce-do-apply=\"all el-0cc6c937\"><div class=\"vce-row-content\" data-vce-element-content=\"true\"><div class=\"vce-col vce-col--md-auto vce-col--xs-1 vce-col--xs-last vce-col--xs-first vce-col--sm-last vce-col--sm-first vce-col--md-last vce-col--lg-last vce-col--xl-last vce-col--md-first vce-col--lg-first vce-col--xl-first\" id=\"el-f122b5b9\"><div class=\"vce-col-inner\" data-vce-do-apply=\"border margin background  el-f122b5b9\"><div class=\"vce-col-content\" data-vce-element-content=\"true\" data-vce-do-apply=\"padding el-f122b5b9\"><div class=\"vce-row-container\" data-vce-boxed-width=\"true\"><div class=\"vce-row vce-row--col-gap-30 vce-row-equal-height vce-row-content--top\" id=\"el-b801588d\" data-vce-do-apply=\"all el-b801588d\"><div class=\"vce-row-content\" data-vce-element-content=\"true\"><div class=\"vce-col vce-col--md-auto vce-col--xs-1 vce-col--xs-last vce-col--xs-first vce-col--sm-last vce-col--sm-first vce-col--md-last vce-col--lg-last vce-col--xl-last vce-col--md-first vce-col--lg-first vce-col--xl-first\" id=\"el-179b9353\"><div class=\"vce-col-inner\" data-vce-do-apply=\"border margin background  el-179b9353\"><div class=\"vce-col-content\" data-vce-element-content=\"true\" data-vce-do-apply=\"padding el-179b9353\"><div class=\"vce-row-container\" data-vce-boxed-width=\"true\"><div class=\"vce-row vce-row--col-gap-30 vce-row-equal-height vce-row-content--top\" id=\"el-937d87f8\" data-vce-do-apply=\"all el-937d87f8\"><div class=\"vce-content-background-container\"><\/div><div class=\"vce-row-content\" data-vce-element-content=\"true\"><div class=\"vce-col vce-col--md-auto vce-col--xs-1 vce-col--xs-last vce-col--xs-first vce-col--sm-last vce-col--sm-first vce-col--md-last vce-col--lg-last vce-col--xl-last vce-col--md-first vce-col--lg-first vce-col--xl-first\" id=\"el-0b5baddd\"><div class=\"vce-col-inner\" data-vce-do-apply=\"border margin background  el-0b5baddd\"><div class=\"vce-col-content\" data-vce-element-content=\"true\" data-vce-do-apply=\"padding el-0b5baddd\"><div class=\"vce-text-block\"><div class=\"vce-text-block-wrapper vce\" id=\"el-0663f801\" data-vce-do-apply=\"all el-0663f801\"><p style=\"text-align: center;\"><span style=\"color: #ffffff; font-family: Amiko; letter-spacing: inherit;\"><strong>CORPORACI\u00d3N OBSERVATORIO ASTRON\u00d3MICO PE\u00d1A BLANCA<\/strong><\/span><\/p><\/div><\/div><div class=\"vce-shortcode\"><div class=\"vce-shortcode-wrapper vce\" id=\"el-2805df89\" data-vce-do-apply=\"all el-2805df89\"><div id=\"metaslider-id-50\" style=\"max-width: 1935px; margin: 0 auto;\" class=\"ml-slider-3-108-0 metaslider metaslider-flex metaslider-50 ml-slider ms-theme-default-base nav-hidden\" role=\"region\" aria-label=\"Nueva presentaci\u00f3n de diapositivas\" data-height=\"750\" data-width=\"1935\">\n    <div id=\"metaslider_container_50\">\n        <div id=\"metaslider_50\">\n            <ul aria-live='off' class='slides'>\n                <li style=\"display: block; width: 100%;\" class=\"slide-52 ms-image \" aria-roledescription=\"slide\" data-date=\"2026-03-19 19:29:23\" data-filename=\"explora_baner_corporacion-astronomia-1500x581.png\" data-slide-type=\"image\"><img src=\"https:\/\/observatorioastronomicomargamarga.cl\/wp-content\/uploads\/2026\/03\/explora_baner_corporacion-astronomia-1500x581.png\" height=\"750\" width=\"1935\" alt=\"\" class=\"slider-50 slide-52 msDefaultImage\" title=\"explora_baner_corporacion astronomia\" \/><\/li>\n                <li style=\"display: none; width: 100%;\" class=\"slide-54 ms-image \" aria-roledescription=\"slide\" data-date=\"2026-03-19 19:29:23\" data-filename=\"imagina_baner_corporacion-astronomia-e1773949989500-1500x581.png\" data-slide-type=\"image\"><img src=\"https:\/\/observatorioastronomicomargamarga.cl\/wp-content\/uploads\/2026\/03\/imagina_baner_corporacion-astronomia-e1773949989500-1500x581.png\" height=\"750\" width=\"1935\" alt=\"\" class=\"slider-50 slide-54 msDefaultImage\" title=\"imagina_baner_corporacion astronomia\" \/><\/li>\n                <li style=\"display: none; width: 100%;\" class=\"slide-53 ms-image \" aria-roledescription=\"slide\" data-date=\"2026-03-19 19:29:23\" data-filename=\"conecta_baner_corporacion-astronomia-1500x581.png\" data-slide-type=\"image\"><img src=\"https:\/\/observatorioastronomicomargamarga.cl\/wp-content\/uploads\/2026\/03\/conecta_baner_corporacion-astronomia-1500x581.png\" height=\"750\" width=\"1935\" alt=\"\" class=\"slider-50 slide-53 msDefaultImage\" title=\"conecta_baner_corporacion astronomia\" \/><\/li>\n                <li style=\"display: none; width: 100%;\" class=\"slide-55 ms-image \" aria-roledescription=\"slide\" data-date=\"2026-03-19 19:29:23\" data-filename=\"baner_corporacion-astronomia_1-1503x582.png\" data-slide-type=\"image\"><img src=\"https:\/\/observatorioastronomicomargamarga.cl\/wp-content\/uploads\/2026\/03\/baner_corporacion-astronomia_1-1503x582.png\" height=\"750\" width=\"1935\" alt=\"\" class=\"slider-50 slide-55 msDefaultImage\" title=\"baner_corporacion astronomia_1\" \/><\/li>\n            <\/ul>\n        <\/div>\n        \n    <\/div>\n<\/div><\/div><\/div><\/div><\/div><\/div><\/div><\/div><\/div><\/div><\/div><\/div><\/div><\/div><\/div><\/div><\/div><\/div><\/div><\/div><\/div><div class=\"vce-row-container\" data-vce-boxed-width=\"true\"><div class=\"vce-row vce-row--col-gap-30 vce-row-equal-height vce-row-content--top\" id=\"el-424e4684\" data-vce-do-apply=\"all el-424e4684\"><div class=\"vce-row-content\" data-vce-element-content=\"true\"><div class=\"vce-col vce-col--md-auto vce-col--xs-1 vce-col--xs-last vce-col--xs-first vce-col--sm-last vce-col--sm-first vce-col--md-last vce-col--lg-last vce-col--xl-last vce-col--md-first vce-col--lg-first vce-col--xl-first\" id=\"el-03389150\"><div class=\"vce-col-inner\" data-vce-do-apply=\"border margin background  el-03389150\"><div class=\"vce-col-content\" data-vce-element-content=\"true\" data-vce-do-apply=\"padding el-03389150\"><div class=\"vce-row-container\" data-vce-boxed-width=\"true\"><div class=\"vce-row vce-row--col-gap-30 vce-row-equal-height vce-row-content--top\" id=\"el-b9bd9f28\" data-vce-do-apply=\"all el-b9bd9f28\"><div class=\"vce-row-content\" data-vce-element-content=\"true\"><div class=\"vce-col vce-col--md-auto vce-col--xs-1 vce-col--xs-last vce-col--xs-first vce-col--sm-last vce-col--sm-first vce-col--md-last vce-col--lg-last vce-col--xl-last vce-col--md-first vce-col--lg-first vce-col--xl-first\" id=\"el-92c09cf0\"><div class=\"vce-col-inner\" data-vce-do-apply=\"border margin background  el-92c09cf0\"><div class=\"vce-col-content\" data-vce-element-content=\"true\" data-vce-do-apply=\"padding el-92c09cf0\"><div class=\"vce-row-container\" data-vce-boxed-width=\"true\"><div class=\"vce-row vce-row--col-gap-30 vce-row-equal-height vce-row-content--top\" id=\"el-0220b949\" data-vce-do-apply=\"all el-0220b949\"><div class=\"vce-row-content\" data-vce-element-content=\"true\"><div class=\"vce-col vce-col--md-auto vce-col--xs-1 vce-col--xs-last vce-col--xs-first vce-col--sm-last vce-col--sm-first vce-col--md-last vce-col--lg-last vce-col--xl-last vce-col--md-first vce-col--lg-first vce-col--xl-first\" id=\"el-607fad6c\"><div class=\"vce-col-inner\" data-vce-do-apply=\"border margin background  el-607fad6c\"><div class=\"vce-col-content\" data-vce-element-content=\"true\" data-vce-do-apply=\"padding el-607fad6c\"><div class=\"vce-widgets-container\"><div class=\"vce vce-widgets-wrapper\" id=\"el-1a66d473\" data-vce-do-apply=\"all el-1a66d473\"><div id=\"mega-menu-wrap-max_mega_menu_1\" class=\"mega-menu-wrap\"><div class=\"mega-menu-toggle\"><div class=\"mega-toggle-blocks-left\"><\/div><div class=\"mega-toggle-blocks-center\"><\/div><div class=\"mega-toggle-blocks-right\"><div class='mega-toggle-block mega-menu-toggle-animated-block mega-toggle-block-0' id='mega-toggle-block-0'><button aria-label=\"Toggle Menu\" class=\"mega-toggle-animated mega-toggle-animated-slider\" type=\"button\" aria-haspopup=\"true\" aria-expanded=\"false\" aria-controls=\"mega-menu-max_mega_menu_1\">\n                  <span class=\"mega-toggle-animated-box\">\n                    <span class=\"mega-toggle-animated-inner\"><\/span>\n                  <\/span>\n                <\/button><\/div><\/div><\/div><ul id=\"mega-menu-max_mega_menu_1\" class=\"mega-menu max-mega-menu mega-menu-horizontal mega-no-js\" data-event=\"hover_intent\" data-effect=\"fade_up\" data-effect-speed=\"200\" data-effect-mobile=\"slide_right\" data-effect-speed-mobile=\"200\" data-mobile-force-width=\"false\" data-second-click=\"go\" data-document-click=\"collapse\" data-vertical-behaviour=\"standard\" data-breakpoint=\"768\" data-unbind=\"true\" data-mobile-state=\"collapse_all\" data-mobile-direction=\"vertical\" data-hover-intent-timeout=\"300\" data-hover-intent-interval=\"100\"><li class=\"mega-menu-item mega-menu-item-type-post_type mega-menu-item-object-page mega-menu-item-home mega-align-bottom-left mega-menu-flyout mega-menu-item-310\" id=\"mega-menu-item-310\"><a class=\"mega-menu-link\" href=\"https:\/\/observatorioastronomicomargamarga.cl\/\">inicio<\/a><\/li><li class=\"mega-menu-item mega-menu-item-type-post_type mega-menu-item-object-page mega-align-bottom-left mega-menu-flyout mega-menu-item-322\" id=\"mega-menu-item-322\"><a class=\"mega-menu-link\" href=\"https:\/\/observatorioastronomicomargamarga.cl\/index.php\/visual-composer-235\/\">Astrocuriocidades<\/a><\/li><li class=\"mega-menu-item mega-menu-item-type-post_type mega-menu-item-object-page mega-align-bottom-left mega-menu-flyout mega-menu-item-408\" id=\"mega-menu-item-408\"><a class=\"mega-menu-link\" href=\"https:\/\/observatorioastronomicomargamarga.cl\/index.php\/ilahuelladelastronomia\/\">La Huella de la Astronom\u00eda<\/a><\/li><li class=\"mega-menu-item mega-menu-item-type-post_type mega-menu-item-object-page mega-align-bottom-left mega-menu-flyout mega-menu-item-347\" id=\"mega-menu-item-347\"><a class=\"mega-menu-link\" href=\"https:\/\/observatorioastronomicomargamarga.cl\/index.php\/visual-composer-324\/\">Novedades<\/a><\/li><li class=\"mega-menu-item mega-menu-item-type-post_type mega-menu-item-object-page mega-menu-item-has-children mega-align-bottom-left mega-menu-flyout mega-menu-item-320\" id=\"mega-menu-item-320\"><a class=\"mega-menu-link\" href=\"https:\/\/observatorioastronomicomargamarga.cl\/index.php\/visual-composer-317\/\" aria-expanded=\"false\" aria-controls=\"mega-sub-menu-320\">Material Did\u00e1ctico<span class=\"mega-indicator\" aria-hidden=\"true\"><\/span><\/a>\n<ul class=\"mega-sub-menu\" id='mega-sub-menu-320'>\n<li class=\"mega-menu-item mega-menu-item-type-post_type mega-menu-item-object-page mega-menu-item-362\" id=\"mega-menu-item-362\"><a class=\"mega-menu-link\" href=\"https:\/\/observatorioastronomicomargamarga.cl\/index.php\/nanquiysusamigos\/\">\u00d1anqui y sus amigos<\/a><\/li><li class=\"mega-menu-item mega-menu-item-type-post_type mega-menu-item-object-page mega-menu-item-has-children mega-menu-item-336\" id=\"mega-menu-item-336\"><a class=\"mega-menu-link\" href=\"https:\/\/observatorioastronomicomargamarga.cl\/index.php\/visual-composer-333\/\" aria-expanded=\"false\" aria-controls=\"mega-sub-menu-336\">Juega y aprende<span class=\"mega-indicator\" aria-hidden=\"true\"><\/span><\/a>\n\t<ul class=\"mega-sub-menu\" id='mega-sub-menu-336'>\n<li class=\"mega-menu-item mega-menu-item-type-post_type mega-menu-item-object-page mega-menu-item-345\" id=\"mega-menu-item-345\"><a class=\"mega-menu-link\" href=\"https:\/\/observatorioastronomicomargamarga.cl\/index.php\/visual-composer-340\/\">Sistema Solar<\/a><\/li>\t<\/ul>\n<\/li><\/ul>\n<\/li><\/ul><button aria-controls=\"mega-menu-max_mega_menu_1\" aria-label=\"Close\" class='mega-close'><\/button><\/div><\/div><\/div><div class=\"vce vce-separator-container vce-separator--align-center vce-separator--style-solid\" id=\"el-0e17c009\" data-vce-do-apply=\"margin el-0e17c009\"><div class=\"vce-separator vce-separator--color-b-210-109-118 vce-separator--width-100 vce-separator--thickness-2\" data-vce-do-apply=\"border padding background  el-0e17c009\"><\/div><\/div><\/div><\/div><\/div><\/div><\/div><\/div><\/div><\/div><\/div><\/div><\/div><\/div><\/div><\/div><\/div><\/div><\/div><\/div>\n","protected":false},"excerpt":{"rendered":"<p>CORPORACI\u00d3N OBSERVATORIO ASTRON\u00d3MICO PE\u00d1A BLANCA<\/p>\n","protected":false},"author":1,"featured_media":0,"parent":0,"menu_order":0,"comment_status":"closed","ping_status":"closed","template":"","meta":{"footnotes":""},"class_list":["post-358","page","type-page","status-publish","hentry"],"rttpg_featured_image_url":null,"rttpg_author":{"display_name":"admin","author_link":"https:\/\/observatorioastronomicomargamarga.cl\/index.php\/author\/admin_corpo\/"},"rttpg_comment":0,"rttpg_category":null,"rttpg_excerpt":"CORPORACI\u00d3N OBSERVATORIO ASTRON\u00d3MICO PE\u00d1A BLANCA","_links":{"self":[{"href":"https:\/\/observatorioastronomicomargamarga.cl\/index.php\/wp-json\/wp\/v2\/pages\/358","targetHints":{"allow":["GET"]}}],"collection":[{"href":"https:\/\/observatorioastronomicomargamarga.cl\/index.php\/wp-json\/wp\/v2\/pages"}],"about":[{"href":"https:\/\/observatorioastronomicomargamarga.cl\/index.php\/wp-json\/wp\/v2\/types\/page"}],"author":[{"embeddable":true,"href":"https:\/\/observatorioastronomicomargamarga.cl\/index.php\/wp-json\/wp\/v2\/users\/1"}],"replies":[{"embeddable":true,"href":"https:\/\/observatorioastronomicomargamarga.cl\/index.php\/wp-json\/wp\/v2\/comments?post=358"}],"version-history":[{"count":3,"href":"https:\/\/observatorioastronomicomargamarga.cl\/index.php\/wp-json\/wp\/v2\/pages\/358\/revisions"}],"predecessor-version":[{"id":361,"href":"https:\/\/observatorioastronomicomargamarga.cl\/index.php\/wp-json\/wp\/v2\/pages\/358\/revisions\/361"}],"wp:attachment":[{"href":"https:\/\/observatorioastronomicomargamarga.cl\/index.php\/wp-json\/wp\/v2\/media?parent=358"}],"curies":[{"name":"wp","href":"https:\/\/api.w.org\/{rel}","templated":true}]}}